{"id":7482,"date":"2023-11-22T11:51:08","date_gmt":"2023-11-22T10:51:08","guid":{"rendered":"https:\/\/schramek-schramek.com\/produkt\/prefabrikovane-staje\/"},"modified":"2023-11-22T11:51:08","modified_gmt":"2023-11-22T10:51:08","slug":"prefabrikovane-staje","status":"publish","type":"produkt","link":"https:\/\/schramek-schramek.com\/cs\/produkt-cz\/prefabrikovane-staje\/","title":{"rendered":"Prefabrikovan\u00e9 st\u00e1je"},"content":{"rendered":"<p>Prefabrikovan\u00e9 st\u00e1je jsou toto\u017en\u00e9 s prefabrikovan\u00fdmi boxy slo\u017een\u00fdmi z d\u00edl\u016f skl\u00e1da\u010dkov\u00e9ho syst\u00e9mu. St\u00e1je jsou dopln\u011bny krytou uli\u010dkou a poskytuj\u00ed mo\u017enost propojen\u00ed r\u016fzn\u00fdch m\u00edstnost\u00ed, jako jsou nap\u0159.. sedl\u00e1rna, sedlovna, sprchov\u00fd kout atd.<\/p>\n<p>St\u00e1je jsou dopln\u011bny speci\u00e1ln\u00ed v\u011btrac\u00ed \u0161t\u011brbinou, kter\u00e1 z\u00e1rove\u0148 tvo\u0159\u00ed nadsv\u011btl\u00edky st\u00e1j\u00ed.<\/p>\n","protected":false},"excerpt":{"rendered":"<p>Prefabrikovan\u00e9 st\u00e1je jsou toto\u017en\u00e9 s prefabrikovan\u00fdmi boxy slo\u017een\u00fdmi z d\u00edl\u016f skl\u00e1da\u010dkov\u00e9ho syst\u00e9mu. St\u00e1je jsou dopln\u011bny krytou uli\u010dkou a poskytuj\u00ed mo\u017enost propojen\u00ed r\u016fzn\u00fdch m\u00edstnost\u00ed, jako jsou nap\u0159.. sedl\u00e1rna, sedlovna, sprchov\u00fd kout atd. St\u00e1je jsou dopln\u011bny speci\u00e1ln\u00ed v\u011btrac\u00ed \u0161t\u011brbinou, kter\u00e1 z\u00e1rove\u0148 tvo\u0159\u00ed nadsv\u011btl\u00edky st\u00e1j\u00ed.<\/p>\n","protected":false},"featured_media":2287,"parent":0,"template":"","meta":[],"kategoria-produktu":[86,84],"acf":[],"_links":{"self":[{"href":"https:\/\/schramek-schramek.com\/cs\/wp-json\/wp\/v2\/produkt\/7482"}],"collection":[{"href":"https:\/\/schramek-schramek.com\/cs\/wp-json\/wp\/v2\/produkt"}],"about":[{"href":"https:\/\/schramek-schramek.com\/cs\/wp-json\/wp\/v2\/types\/produkt"}],"wp:featuredmedia":[{"embeddable":true,"href":"https:\/\/schramek-schramek.com\/cs\/wp-json\/wp\/v2\/media\/2287"}],"wp:attachment":[{"href":"https:\/\/schramek-schramek.com\/cs\/wp-json\/wp\/v2\/media?parent=7482"}],"wp:term":[{"taxonomy":"kategoria-produktu","embeddable":true,"href":"https:\/\/schramek-schramek.com\/cs\/wp-json\/wp\/v2\/kategoria-produktu?post=7482"}],"curies":[{"name":"wp","href":"https:\/\/api.w.org\/{rel}","templated":true}]}}

Prefabrikované stáje

<p>Prefabrikované stáje jsou totožné s prefabrikovanými boxy složenými z dílů skládačkového systému. Stáje jsou doplněny krytou uličkou a poskytují možnost propojení různých místností, jako jsou např.. sedlárna, sedlovna, sprchový kout atd.</p>
<p>Stáje jsou doplněny speciální větrací štěrbinou, která zároveň tvoří nadsvětlíky stájí.</p>

<p>Prefabrikované stáje jsou totožné s prefabrikovanými boxy složenými z dílů skládačkového systému. Stáje jsou doplněny krytou uličkou a poskytují možnost propojení různých místností, jako jsou např.. sedlárna, sedlovna, sprchový kout atd. Stáje jsou doplněny speciální větrací štěrbinou, která zároveň tvoří nadsvětlíky stájí.</p>
