{"id":10095,"date":"2021-10-06T14:59:28","date_gmt":"2021-10-06T12:59:28","guid":{"rendered":"https:\/\/schramek-schramek.com\/realizacia\/staj-6-boxu-sedlovna-sprcha-vypln-sedy-plast-bonn-nemecko\/"},"modified":"2023-12-09T14:59:22","modified_gmt":"2023-12-09T13:59:22","slug":"staj-6-boxu-sedlovna-sprcha-vypln-sedy-plast-bonn-nemecko","status":"publish","type":"realizacia","link":"https:\/\/schramek-schramek.com\/cs\/realizace\/staj-6-boxu-sedlovna-sprcha-vypln-sedy-plast-bonn-nemecko\/","title":{"rendered":"St\u00e1j 6 box\u016f, sedlovna, sprcha, v\u00fdpl\u0148 \u0161ed\u00fd plast, Bonn, N\u011bmecko"},"content":{"rendered":"","protected":false},"featured_media":2572,"template":"","meta":[],"categories":[39],"acf":[],"_links":{"self":[{"href":"https:\/\/schramek-schramek.com\/cs\/wp-json\/wp\/v2\/realizacia\/10095"}],"collection":[{"href":"https:\/\/schramek-schramek.com\/cs\/wp-json\/wp\/v2\/realizacia"}],"about":[{"href":"https:\/\/schramek-schramek.com\/cs\/wp-json\/wp\/v2\/types\/realizacia"}],"wp:featuredmedia":[{"embeddable":true,"href":"https:\/\/schramek-schramek.com\/cs\/wp-json\/wp\/v2\/media\/2572"}],"wp:attachment":[{"href":"https:\/\/schramek-schramek.com\/cs\/wp-json\/wp\/v2\/media?parent=10095"}],"wp:term":[{"taxonomy":"category","embeddable":true,"href":"https:\/\/schramek-schramek.com\/cs\/wp-json\/wp\/v2\/categories?post=10095"}],"curies":[{"name":"wp","href":"https:\/\/api.w.org\/{rel}","templated":true}]}}

Stáj 6 boxů, sedlovna, sprcha, výplň šedý plast, Bonn, Německo
