{"id":10111,"date":"2021-10-12T09:51:28","date_gmt":"2021-10-12T07:51:28","guid":{"rendered":"https:\/\/schramek-schramek.com\/realizacia\/venkovni-boxy-specialni-boxy-na-prani-zakaznika-seda-plastova-vypln-se-vzhledem-dreva-nemecko\/"},"modified":"2023-12-09T14:59:31","modified_gmt":"2023-12-09T13:59:31","slug":"venkovni-boxy-specialni-boxy-na-prani-zakaznika-seda-plastova-vypln-se-vzhledem-dreva-nemecko","status":"publish","type":"realizacia","link":"https:\/\/schramek-schramek.com\/cs\/realizace\/venkovni-boxy-specialni-boxy-na-prani-zakaznika-seda-plastova-vypln-se-vzhledem-dreva-nemecko\/","title":{"rendered":"Venkovn\u00ed boxy \u2013 speci\u00e1ln\u00ed boxy na p\u0159\u00e1n\u00ed z\u00e1kazn\u00edka, \u0161ed\u00e1 plastov\u00e1 v\u00fdpl\u0148 se vzhledem d\u0159eva, N\u011bmecko"},"content":{"rendered":"","protected":false},"featured_media":3617,"template":"","meta":[],"categories":[39],"acf":[],"_links":{"self":[{"href":"https:\/\/schramek-schramek.com\/cs\/wp-json\/wp\/v2\/realizacia\/10111"}],"collection":[{"href":"https:\/\/schramek-schramek.com\/cs\/wp-json\/wp\/v2\/realizacia"}],"about":[{"href":"https:\/\/schramek-schramek.com\/cs\/wp-json\/wp\/v2\/types\/realizacia"}],"wp:featuredmedia":[{"embeddable":true,"href":"https:\/\/schramek-schramek.com\/cs\/wp-json\/wp\/v2\/media\/3617"}],"wp:attachment":[{"href":"https:\/\/schramek-schramek.com\/cs\/wp-json\/wp\/v2\/media?parent=10111"}],"wp:term":[{"taxonomy":"category","embeddable":true,"href":"https:\/\/schramek-schramek.com\/cs\/wp-json\/wp\/v2\/categories?post=10111"}],"curies":[{"name":"wp","href":"https:\/\/api.w.org\/{rel}","templated":true}]}}

Venkovní boxy – speciální boxy na přání zákazníka, šedá plastová výplň se vzhledem dřeva, Německo
