{"id":10121,"date":"2021-10-12T09:54:01","date_gmt":"2021-10-12T07:54:01","guid":{"rendered":"https:\/\/schramek-schramek.com\/realizacia\/staj-pro-ctyri-kone-se-sedlovnou-modrin-s-naterem-dub-slovensko\/"},"modified":"2023-12-09T14:59:37","modified_gmt":"2023-12-09T13:59:37","slug":"staj-pro-ctyri-kone-se-sedlovnou-modrin-s-naterem-dub-slovensko","status":"publish","type":"realizacia","link":"https:\/\/schramek-schramek.com\/cs\/realizace\/staj-pro-ctyri-kone-se-sedlovnou-modrin-s-naterem-dub-slovensko\/","title":{"rendered":"St\u00e1j pro \u010dty\u0159i kon\u011b se sedlovnou, mod\u0159\u00edn s n\u00e1t\u011brem \u201edub\u201c, Slovensko"},"content":{"rendered":"","protected":false},"featured_media":3667,"template":"","meta":[],"categories":[39],"acf":[],"_links":{"self":[{"href":"https:\/\/schramek-schramek.com\/cs\/wp-json\/wp\/v2\/realizacia\/10121"}],"collection":[{"href":"https:\/\/schramek-schramek.com\/cs\/wp-json\/wp\/v2\/realizacia"}],"about":[{"href":"https:\/\/schramek-schramek.com\/cs\/wp-json\/wp\/v2\/types\/realizacia"}],"wp:featuredmedia":[{"embeddable":true,"href":"https:\/\/schramek-schramek.com\/cs\/wp-json\/wp\/v2\/media\/3667"}],"wp:attachment":[{"href":"https:\/\/schramek-schramek.com\/cs\/wp-json\/wp\/v2\/media?parent=10121"}],"wp:term":[{"taxonomy":"category","embeddable":true,"href":"https:\/\/schramek-schramek.com\/cs\/wp-json\/wp\/v2\/categories?post=10121"}],"curies":[{"name":"wp","href":"https:\/\/api.w.org\/{rel}","templated":true}]}}

Stáj pro čtyři koně se sedlovnou, modřín s nátěrem „dub“, Slovensko
