{"id":10124,"date":"2021-10-15T06:52:01","date_gmt":"2021-10-15T04:52:01","guid":{"rendered":"https:\/\/schramek-schramek.com\/realizacia\/pristavba-venkovni-boxy-vypln-hnedy-plast-tulln-rakousko\/"},"modified":"2023-12-09T14:59:38","modified_gmt":"2023-12-09T13:59:38","slug":"pristavba-venkovni-boxy-vypln-hnedy-plast-tulln-rakousko","status":"publish","type":"realizacia","link":"https:\/\/schramek-schramek.com\/cs\/realizace\/pristavba-venkovni-boxy-vypln-hnedy-plast-tulln-rakousko\/","title":{"rendered":"P\u0159\u00edstavba venkovn\u00ed boxy, v\u00fdpl\u0148 hn\u011bd\u00fd plast, Tulln, Rakousko"},"content":{"rendered":"","protected":false},"featured_media":4642,"template":"","meta":[],"categories":[39],"acf":[],"_links":{"self":[{"href":"https:\/\/schramek-schramek.com\/cs\/wp-json\/wp\/v2\/realizacia\/10124"}],"collection":[{"href":"https:\/\/schramek-schramek.com\/cs\/wp-json\/wp\/v2\/realizacia"}],"about":[{"href":"https:\/\/schramek-schramek.com\/cs\/wp-json\/wp\/v2\/types\/realizacia"}],"wp:featuredmedia":[{"embeddable":true,"href":"https:\/\/schramek-schramek.com\/cs\/wp-json\/wp\/v2\/media\/4642"}],"wp:attachment":[{"href":"https:\/\/schramek-schramek.com\/cs\/wp-json\/wp\/v2\/media?parent=10124"}],"wp:term":[{"taxonomy":"category","embeddable":true,"href":"https:\/\/schramek-schramek.com\/cs\/wp-json\/wp\/v2\/categories?post=10124"}],"curies":[{"name":"wp","href":"https:\/\/api.w.org\/{rel}","templated":true}]}}

Přístavba venkovní boxy, výplň hnědý plast, Tulln, Rakousko
