{"id":10138,"date":"2021-09-27T16:15:21","date_gmt":"2021-09-27T14:15:21","guid":{"rendered":"https:\/\/schramek-schramek.com\/realizacia\/staj-6-boxu-a-sedlovna-vypln-smrk-innsbruck-rakousko\/"},"modified":"2023-12-09T14:59:41","modified_gmt":"2023-12-09T13:59:41","slug":"staj-6-boxu-a-sedlovna-vypln-smrk-innsbruck-rakousko","status":"publish","type":"realizacia","link":"https:\/\/schramek-schramek.com\/cs\/realizace\/staj-6-boxu-a-sedlovna-vypln-smrk-innsbruck-rakousko\/","title":{"rendered":"St\u00e1j 6 box\u016f a sedlovna, v\u00fdpl\u0148 smrk, Innsbruck \u2013 Rakousko"},"content":{"rendered":"","protected":false},"featured_media":2422,"template":"","meta":[],"categories":[39],"acf":[],"_links":{"self":[{"href":"https:\/\/schramek-schramek.com\/cs\/wp-json\/wp\/v2\/realizacia\/10138"}],"collection":[{"href":"https:\/\/schramek-schramek.com\/cs\/wp-json\/wp\/v2\/realizacia"}],"about":[{"href":"https:\/\/schramek-schramek.com\/cs\/wp-json\/wp\/v2\/types\/realizacia"}],"wp:featuredmedia":[{"embeddable":true,"href":"https:\/\/schramek-schramek.com\/cs\/wp-json\/wp\/v2\/media\/2422"}],"wp:attachment":[{"href":"https:\/\/schramek-schramek.com\/cs\/wp-json\/wp\/v2\/media?parent=10138"}],"wp:term":[{"taxonomy":"category","embeddable":true,"href":"https:\/\/schramek-schramek.com\/cs\/wp-json\/wp\/v2\/categories?post=10138"}],"curies":[{"name":"wp","href":"https:\/\/api.w.org\/{rel}","templated":true}]}}

Stáj 6 boxů a sedlovna, výplň smrk, Innsbruck – Rakousko
