{"id":17476,"date":"2024-06-11T07:44:38","date_gmt":"2024-06-11T05:44:38","guid":{"rendered":"https:\/\/schramek-schramek.com\/?post_type=realizacia&#038;p=17476"},"modified":"2024-06-11T07:47:18","modified_gmt":"2024-06-11T05:47:18","slug":"vnitrni-boxy-v-barve-vypln-denya-frankfurt-nad-mohanem-nemecko","status":"publish","type":"realizacia","link":"https:\/\/schramek-schramek.com\/cs\/realizace\/vnitrni-boxy-v-barve-vypln-denya-frankfurt-nad-mohanem-nemecko\/","title":{"rendered":"Vnit\u0159n\u00ed boxy v barv\u011b, v\u00fdpl\u0148 denya, Frankfurt nad Mohanem, N\u011bmecko"},"content":{"rendered":"","protected":false},"featured_media":17455,"template":"","meta":[],"categories":[],"acf":[],"_links":{"self":[{"href":"https:\/\/schramek-schramek.com\/cs\/wp-json\/wp\/v2\/realizacia\/17476"}],"collection":[{"href":"https:\/\/schramek-schramek.com\/cs\/wp-json\/wp\/v2\/realizacia"}],"about":[{"href":"https:\/\/schramek-schramek.com\/cs\/wp-json\/wp\/v2\/types\/realizacia"}],"wp:featuredmedia":[{"embeddable":true,"href":"https:\/\/schramek-schramek.com\/cs\/wp-json\/wp\/v2\/media\/17455"}],"wp:attachment":[{"href":"https:\/\/schramek-schramek.com\/cs\/wp-json\/wp\/v2\/media?parent=17476"}],"wp:term":[{"taxonomy":"category","embeddable":true,"href":"https:\/\/schramek-schramek.com\/cs\/wp-json\/wp\/v2\/categories?post=17476"}],"curies":[{"name":"wp","href":"https:\/\/api.w.org\/{rel}","templated":true}]}}

Vnitřní boxy v barvě, výplň denya, Frankfurt nad Mohanem, Německo
