{"id":10198,"date":"2021-10-06T15:32:54","date_gmt":"2021-10-06T13:32:54","guid":{"rendered":"https:\/\/schramek-schramek.com\/realizacia\/boks-zewnetrzny-magazyn-siana-swierk-czerwony-malowany-farba-sosna-slowacja\/"},"modified":"2021-10-06T15:32:54","modified_gmt":"2021-10-06T13:32:54","slug":"boks-zewnetrzny-magazyn-siana-swierk-czerwony-malowany-farba-sosna-slowacja","status":"publish","type":"realizacia","link":"https:\/\/schramek-schramek.com\/pl\/wdrozenie\/boks-zewnetrzny-magazyn-siana-swierk-czerwony-malowany-farba-sosna-slowacja\/","title":{"rendered":"Boks zewn\u0119trzny, magazyn siana, \u015bwierk czerwony malowany farb\u0105 &#8222;sosna&#8221;, S\u0142owacja"},"content":{"rendered":"","protected":false},"featured_media":2796,"template":"","meta":[],"categories":[40],"acf":[],"_links":{"self":[{"href":"https:\/\/schramek-schramek.com\/pl\/wp-json\/wp\/v2\/realizacia\/10198"}],"collection":[{"href":"https:\/\/schramek-schramek.com\/pl\/wp-json\/wp\/v2\/realizacia"}],"about":[{"href":"https:\/\/schramek-schramek.com\/pl\/wp-json\/wp\/v2\/types\/realizacia"}],"wp:featuredmedia":[{"embeddable":true,"href":"https:\/\/schramek-schramek.com\/pl\/wp-json\/wp\/v2\/media\/2796"}],"wp:attachment":[{"href":"https:\/\/schramek-schramek.com\/pl\/wp-json\/wp\/v2\/media?parent=10198"}],"wp:term":[{"taxonomy":"category","embeddable":true,"href":"https:\/\/schramek-schramek.com\/pl\/wp-json\/wp\/v2\/categories?post=10198"}],"curies":[{"name":"wp","href":"https:\/\/api.w.org\/{rel}","templated":true}]}}

Boks zewnętrzny, magazyn siana, świerk czerwony malowany farbą &#8222;sosna&#8221;, Słowacja
