{"id":10215,"date":"2021-10-12T05:33:57","date_gmt":"2021-10-12T03:33:57","guid":{"rendered":"https:\/\/schramek-schramek.com\/realizacia\/boksy-zewnetrzne-magazyn-narzedzi-wysuniecie-dachu-drewno-debowe-malowany-farba-debowa-graz-austria\/"},"modified":"2021-10-12T05:33:57","modified_gmt":"2021-10-12T03:33:57","slug":"boksy-zewnetrzne-magazyn-narzedzi-wysuniecie-dachu-drewno-debowe-malowany-farba-debowa-graz-austria","status":"publish","type":"realizacia","link":"https:\/\/schramek-schramek.com\/pl\/wdrozenie\/boksy-zewnetrzne-magazyn-narzedzi-wysuniecie-dachu-drewno-debowe-malowany-farba-debowa-graz-austria\/","title":{"rendered":"Boksy zewn\u0119trzne, magazyn narz\u0119dzi, wysuni\u0119cie dachu, drewno d\u0119bowe, malowany farba &#8222;d\u0119bowa&#8221; \u2013 Graz, Austria"},"content":{"rendered":"","protected":false},"featured_media":3481,"template":"","meta":[],"categories":[40],"acf":[],"_links":{"self":[{"href":"https:\/\/schramek-schramek.com\/pl\/wp-json\/wp\/v2\/realizacia\/10215"}],"collection":[{"href":"https:\/\/schramek-schramek.com\/pl\/wp-json\/wp\/v2\/realizacia"}],"about":[{"href":"https:\/\/schramek-schramek.com\/pl\/wp-json\/wp\/v2\/types\/realizacia"}],"wp:featuredmedia":[{"embeddable":true,"href":"https:\/\/schramek-schramek.com\/pl\/wp-json\/wp\/v2\/media\/3481"}],"wp:attachment":[{"href":"https:\/\/schramek-schramek.com\/pl\/wp-json\/wp\/v2\/media?parent=10215"}],"wp:term":[{"taxonomy":"category","embeddable":true,"href":"https:\/\/schramek-schramek.com\/pl\/wp-json\/wp\/v2\/categories?post=10215"}],"curies":[{"name":"wp","href":"https:\/\/api.w.org\/{rel}","templated":true}]}}

Boksy zewnętrzne, magazyn narzędzi, wysunięcie dachu, drewno dębowe, malowany farba &#8222;dębowa&#8221; – Graz, Austria
