{"id":10280,"date":"2023-05-12T09:45:21","date_gmt":"2023-05-12T07:45:21","guid":{"rendered":"https:\/\/schramek-schramek.com\/realizacia\/boksy-zewnetrzne-z-dachem-jednospadowym-i-15-metrowym-przedluzeniem-dachu-z-przodu-i-z-tylu-wypelnienie-denya-frankfurt-nad-menem-niemcy\/"},"modified":"2023-05-12T09:45:21","modified_gmt":"2023-05-12T07:45:21","slug":"boksy-zewnetrzne-z-dachem-jednospadowym-i-15-metrowym-przedluzeniem-dachu-z-przodu-i-z-tylu-wypelnienie-denya-frankfurt-nad-menem-niemcy","status":"publish","type":"realizacia","link":"https:\/\/schramek-schramek.com\/pl\/wdrozenie\/boksy-zewnetrzne-z-dachem-jednospadowym-i-15-metrowym-przedluzeniem-dachu-z-przodu-i-z-tylu-wypelnienie-denya-frankfurt-nad-menem-niemcy\/","title":{"rendered":"Boksy zewn\u0119trzne z dachem jednospadowym i 1,5-metrowym przed\u0142u\u017ceniem dachu z przodu i z ty\u0142u, wype\u0142nienie denya, Frankfurt nad Menem, Niemcy"},"content":{"rendered":"","protected":false},"featured_media":6211,"template":"","meta":[],"categories":[40],"acf":[],"_links":{"self":[{"href":"https:\/\/schramek-schramek.com\/pl\/wp-json\/wp\/v2\/realizacia\/10280"}],"collection":[{"href":"https:\/\/schramek-schramek.com\/pl\/wp-json\/wp\/v2\/realizacia"}],"about":[{"href":"https:\/\/schramek-schramek.com\/pl\/wp-json\/wp\/v2\/types\/realizacia"}],"wp:featuredmedia":[{"embeddable":true,"href":"https:\/\/schramek-schramek.com\/pl\/wp-json\/wp\/v2\/media\/6211"}],"wp:attachment":[{"href":"https:\/\/schramek-schramek.com\/pl\/wp-json\/wp\/v2\/media?parent=10280"}],"wp:term":[{"taxonomy":"category","embeddable":true,"href":"https:\/\/schramek-schramek.com\/pl\/wp-json\/wp\/v2\/categories?post=10280"}],"curies":[{"name":"wp","href":"https:\/\/api.w.org\/{rel}","templated":true}]}}

Boksy zewnętrzne z dachem jednospadowym i 1,5-metrowym przedłużeniem dachu z przodu i z tyłu, wypełnienie denya, Frankfurt nad Menem, Niemcy
