{"id":458,"date":"2023-11-16T21:16:43","date_gmt":"2023-11-16T20:16:43","guid":{"rendered":"https:\/\/schramek-schramek.com\/?post_type=produkt&#038;p=458"},"modified":"2023-11-16T21:16:43","modified_gmt":"2023-11-16T20:16:43","slug":"denya-32-38mm","status":"publish","type":"produkt","link":"https:\/\/schramek-schramek.com\/sk\/produkt\/denya-32-38mm\/","title":{"rendered":"Denya 32\/38mm"},"content":{"rendered":"<p style=\"font-weight: 400;\">Je ve\u013emi odoln\u00fd a extr\u00e9mne tvrd\u00fd typ dreviny.<\/p>\n<p style=\"font-weight: 400;\">Dosky pre konsk\u00e9 stajne vyroben\u00e9 z Denya s\u00fa ve\u013emi odoln\u00e9 a extr\u00e9mne tvrd\u00e9. V\u010faka farebnej kresbe s r\u00f4znymi farebn\u00fdmi efektmi vyzer\u00e1 drevo Denya ve\u013emi zauj\u00edmavo a nezvy\u010dajne. Povrch stien boxu dost\u00e1va ve\u013emi zvl\u00e1\u0161tny vzh\u013ead. Vysok\u00e1 pevnos\u0165 t\u00fdchto dosiek Denya pre konsk\u00e9 stajne z nich rob\u00ed ide\u00e1lny materi\u00e1l na stavbu stien konsk\u00fdch stajn\u00ed.<\/p>\n<p style=\"font-weight: 400;\">\u0160tandardn\u00e1 hr\u00fabka v\u00fdplne je 32\/38 mm.<\/p>\n","protected":false},"excerpt":{"rendered":"<p>Je ve\u013emi odoln\u00fd a extr\u00e9mne tvrd\u00fd typ dreviny. Dosky pre konsk\u00e9 stajne vyroben\u00e9 z Denya s\u00fa ve\u013emi odoln\u00e9 a extr\u00e9mne tvrd\u00e9. V\u010faka farebnej kresbe s r\u00f4znymi farebn\u00fdmi efektmi vyzer\u00e1 drevo Denya ve\u013emi zauj\u00edmavo a nezvy\u010dajne. Povrch stien boxu dost\u00e1va ve\u013emi zvl\u00e1\u0161tny vzh\u013ead. Vysok\u00e1 pevnos\u0165 t\u00fdchto dosiek Denya pre konsk\u00e9 stajne z nich rob\u00ed ide\u00e1lny materi\u00e1l [&hellip;]<\/p>\n","protected":false},"featured_media":459,"parent":0,"template":"","meta":[],"kategoria-produktu":[15,18],"acf":[],"_links":{"self":[{"href":"https:\/\/schramek-schramek.com\/sk\/wp-json\/wp\/v2\/produkt\/458"}],"collection":[{"href":"https:\/\/schramek-schramek.com\/sk\/wp-json\/wp\/v2\/produkt"}],"about":[{"href":"https:\/\/schramek-schramek.com\/sk\/wp-json\/wp\/v2\/types\/produkt"}],"wp:featuredmedia":[{"embeddable":true,"href":"https:\/\/schramek-schramek.com\/sk\/wp-json\/wp\/v2\/media\/459"}],"wp:attachment":[{"href":"https:\/\/schramek-schramek.com\/sk\/wp-json\/wp\/v2\/media?parent=458"}],"wp:term":[{"taxonomy":"kategoria-produktu","embeddable":true,"href":"https:\/\/schramek-schramek.com\/sk\/wp-json\/wp\/v2\/kategoria-produktu?post=458"}],"curies":[{"name":"wp","href":"https:\/\/api.w.org\/{rel}","templated":true}]}}

<p style="font-weight: 400;">Je veľmi odolný a extrémne tvrdý typ dreviny.</p>
<p style="font-weight: 400;">Dosky pre konské stajne vyrobené z Denya sú veľmi odolné a extrémne tvrdé. Vďaka farebnej kresbe s rôznymi farebnými efektmi vyzerá drevo Denya veľmi zaujímavo a nezvyčajne. Povrch stien boxu dostáva veľmi zvláštny vzhľad. Vysoká pevnosť týchto dosiek Denya pre konské stajne z nich robí ideálny materiál na stavbu stien konských stajní.</p>
<p style="font-weight: 400;">Štandardná hrúbka výplne je 32/38 mm.</p>

<p>Je veľmi odolný a extrémne tvrdý typ dreviny. Dosky pre konské stajne vyrobené z Denya sú veľmi odolné a extrémne tvrdé. Vďaka farebnej kresbe s rôznymi farebnými efektmi vyzerá drevo Denya veľmi zaujímavo a nezvyčajne. Povrch stien boxu dostáva veľmi zvláštny vzhľad. Vysoká pevnosť týchto dosiek Denya pre konské stajne z nich robí ideálny materiál [&hellip;]</p>
