{"id":9194,"date":"2021-10-12T05:41:05","date_gmt":"2021-10-12T03:41:05","guid":{"rendered":"https:\/\/schramek-schramek.com\/realizacia\/vonkajsie-boxy-s-vybehmi-vypln-cerveny-smrek-graz-rakusko\/"},"modified":"2023-12-09T15:29:15","modified_gmt":"2023-12-09T14:29:15","slug":"vonkajsie-boxy-s-vybehmi-vypln-cerveny-smrek-graz-rakusko","status":"publish","type":"realizacia","link":"https:\/\/schramek-schramek.com\/sk\/realizacia\/vonkajsie-boxy-s-vybehmi-vypln-cerveny-smrek-graz-rakusko\/","title":{"rendered":"Vonkaj\u0161ie boxy s v\u00fdbehmi, v\u00fdpl\u0148 \u010derven\u00fd smrek, Graz \u2013 Rak\u00fasko"},"content":{"rendered":"","protected":false},"featured_media":9196,"template":"","meta":[],"categories":[1],"acf":[],"_links":{"self":[{"href":"https:\/\/schramek-schramek.com\/sk\/wp-json\/wp\/v2\/realizacia\/9194"}],"collection":[{"href":"https:\/\/schramek-schramek.com\/sk\/wp-json\/wp\/v2\/realizacia"}],"about":[{"href":"https:\/\/schramek-schramek.com\/sk\/wp-json\/wp\/v2\/types\/realizacia"}],"wp:featuredmedia":[{"embeddable":true,"href":"https:\/\/schramek-schramek.com\/sk\/wp-json\/wp\/v2\/media\/9196"}],"wp:attachment":[{"href":"https:\/\/schramek-schramek.com\/sk\/wp-json\/wp\/v2\/media?parent=9194"}],"wp:term":[{"taxonomy":"category","embeddable":true,"href":"https:\/\/schramek-schramek.com\/sk\/wp-json\/wp\/v2\/categories?post=9194"}],"curies":[{"name":"wp","href":"https:\/\/api.w.org\/{rel}","templated":true}]}}

Vonkajšie boxy s výbehmi, výplň červený smrek, Graz – Rakúsko
