{"id":9248,"date":"2021-10-13T09:20:56","date_gmt":"2021-10-13T07:20:56","guid":{"rendered":"https:\/\/schramek-schramek.com\/realizacia\/vnutorne-boxy-vo-farbe-vypln-cerveny-smrek-s-naterom-dub-slovensko\/"},"modified":"2023-12-09T15:29:43","modified_gmt":"2023-12-09T14:29:43","slug":"vnutorne-boxy-vo-farbe-vypln-cerveny-smrek-s-naterom-dub-slovensko","status":"publish","type":"realizacia","link":"https:\/\/schramek-schramek.com\/sk\/realizacia\/vnutorne-boxy-vo-farbe-vypln-cerveny-smrek-s-naterom-dub-slovensko\/","title":{"rendered":"Vn\u00fatorn\u00e9 boxy vo farbe, v\u00fdpl\u0148 \u010derven\u00fd smrek s n\u00e1terom &#8222;dub&#8220;, Slovensko"},"content":{"rendered":"","protected":false},"featured_media":9250,"template":"","meta":[],"categories":[1],"acf":[],"_links":{"self":[{"href":"https:\/\/schramek-schramek.com\/sk\/wp-json\/wp\/v2\/realizacia\/9248"}],"collection":[{"href":"https:\/\/schramek-schramek.com\/sk\/wp-json\/wp\/v2\/realizacia"}],"about":[{"href":"https:\/\/schramek-schramek.com\/sk\/wp-json\/wp\/v2\/types\/realizacia"}],"wp:featuredmedia":[{"embeddable":true,"href":"https:\/\/schramek-schramek.com\/sk\/wp-json\/wp\/v2\/media\/9250"}],"wp:attachment":[{"href":"https:\/\/schramek-schramek.com\/sk\/wp-json\/wp\/v2\/media?parent=9248"}],"wp:term":[{"taxonomy":"category","embeddable":true,"href":"https:\/\/schramek-schramek.com\/sk\/wp-json\/wp\/v2\/categories?post=9248"}],"curies":[{"name":"wp","href":"https:\/\/api.w.org\/{rel}","templated":true}]}}

Vnútorné boxy vo farbe, výplň červený smrek s náterom &#8222;dub&#8220;, Slovensko
