{"id":9295,"date":"2021-10-13T09:34:39","date_gmt":"2021-10-13T07:34:39","guid":{"rendered":"https:\/\/schramek-schramek.com\/realizacia\/stajna-v-petersbergu-nemecko-vypln-plast\/"},"modified":"2023-12-09T15:30:10","modified_gmt":"2023-12-09T14:30:10","slug":"stajna-v-petersbergu-nemecko-vypln-plast","status":"publish","type":"realizacia","link":"https:\/\/schramek-schramek.com\/sk\/realizacia\/stajna-v-petersbergu-nemecko-vypln-plast\/","title":{"rendered":"Staj\u0148a v Petersbergu, Nemecko, v\u00fdpl\u0148 &#8211; plast"},"content":{"rendered":"","protected":false},"featured_media":9299,"template":"","meta":[],"categories":[1],"acf":[],"_links":{"self":[{"href":"https:\/\/schramek-schramek.com\/sk\/wp-json\/wp\/v2\/realizacia\/9295"}],"collection":[{"href":"https:\/\/schramek-schramek.com\/sk\/wp-json\/wp\/v2\/realizacia"}],"about":[{"href":"https:\/\/schramek-schramek.com\/sk\/wp-json\/wp\/v2\/types\/realizacia"}],"wp:featuredmedia":[{"embeddable":true,"href":"https:\/\/schramek-schramek.com\/sk\/wp-json\/wp\/v2\/media\/9299"}],"wp:attachment":[{"href":"https:\/\/schramek-schramek.com\/sk\/wp-json\/wp\/v2\/media?parent=9295"}],"wp:term":[{"taxonomy":"category","embeddable":true,"href":"https:\/\/schramek-schramek.com\/sk\/wp-json\/wp\/v2\/categories?post=9295"}],"curies":[{"name":"wp","href":"https:\/\/api.w.org\/{rel}","templated":true}]}}

Stajňa v Petersbergu, Nemecko, výplň &#8211; plast
