{"id":9392,"date":"2021-10-14T09:26:40","date_gmt":"2021-10-14T07:26:40","guid":{"rendered":"https:\/\/schramek-schramek.com\/realizacia\/vnutorne-boxy-s-kombinovanou-vyplnou-dub-plast-norsko\/"},"modified":"2023-12-09T15:31:13","modified_gmt":"2023-12-09T14:31:13","slug":"vnutorne-boxy-s-kombinovanou-vyplnou-dub-plast-norsko","status":"publish","type":"realizacia","link":"https:\/\/schramek-schramek.com\/sk\/realizacia\/vnutorne-boxy-s-kombinovanou-vyplnou-dub-plast-norsko\/","title":{"rendered":"Vn\u00fatorn\u00e9 boxy s kombinovanou v\u00fdpl\u0148ou dub\/plast &#8211; N\u00f3rsko"},"content":{"rendered":"","protected":false},"featured_media":9395,"template":"","meta":[],"categories":[1],"acf":[],"_links":{"self":[{"href":"https:\/\/schramek-schramek.com\/sk\/wp-json\/wp\/v2\/realizacia\/9392"}],"collection":[{"href":"https:\/\/schramek-schramek.com\/sk\/wp-json\/wp\/v2\/realizacia"}],"about":[{"href":"https:\/\/schramek-schramek.com\/sk\/wp-json\/wp\/v2\/types\/realizacia"}],"wp:featuredmedia":[{"embeddable":true,"href":"https:\/\/schramek-schramek.com\/sk\/wp-json\/wp\/v2\/media\/9395"}],"wp:attachment":[{"href":"https:\/\/schramek-schramek.com\/sk\/wp-json\/wp\/v2\/media?parent=9392"}],"wp:term":[{"taxonomy":"category","embeddable":true,"href":"https:\/\/schramek-schramek.com\/sk\/wp-json\/wp\/v2\/categories?post=9392"}],"curies":[{"name":"wp","href":"https:\/\/api.w.org\/{rel}","templated":true}]}}

Vnútorné boxy s kombinovanou výplňou dub/plast &#8211; Nórsko
