{"id":9413,"date":"2021-10-15T06:52:01","date_gmt":"2021-10-15T04:52:01","guid":{"rendered":"https:\/\/schramek-schramek.com\/realizacia\/pristavba-vonkajsie-boxy-vypln-hnedy-plast-tulln-rakusko\/"},"modified":"2023-12-09T15:31:25","modified_gmt":"2023-12-09T14:31:25","slug":"pristavba-vonkajsie-boxy-vypln-hnedy-plast-tulln-rakusko","status":"publish","type":"realizacia","link":"https:\/\/schramek-schramek.com\/sk\/realizacia\/pristavba-vonkajsie-boxy-vypln-hnedy-plast-tulln-rakusko\/","title":{"rendered":"Pr\u00edstavba vonkaj\u0161ie boxy, v\u00fdpl\u0148 hned\u00fd plast, Tulln, Rak\u00fasko"},"content":{"rendered":"","protected":false},"featured_media":9433,"template":"","meta":[],"categories":[1],"acf":[],"_links":{"self":[{"href":"https:\/\/schramek-schramek.com\/sk\/wp-json\/wp\/v2\/realizacia\/9413"}],"collection":[{"href":"https:\/\/schramek-schramek.com\/sk\/wp-json\/wp\/v2\/realizacia"}],"about":[{"href":"https:\/\/schramek-schramek.com\/sk\/wp-json\/wp\/v2\/types\/realizacia"}],"wp:featuredmedia":[{"embeddable":true,"href":"https:\/\/schramek-schramek.com\/sk\/wp-json\/wp\/v2\/media\/9433"}],"wp:attachment":[{"href":"https:\/\/schramek-schramek.com\/sk\/wp-json\/wp\/v2\/media?parent=9413"}],"wp:term":[{"taxonomy":"category","embeddable":true,"href":"https:\/\/schramek-schramek.com\/sk\/wp-json\/wp\/v2\/categories?post=9413"}],"curies":[{"name":"wp","href":"https:\/\/api.w.org\/{rel}","templated":true}]}}

Prístavba vonkajšie boxy, výplň hnedý plast, Tulln, Rakúsko
