{"id":9490,"date":"2022-01-15T10:22:25","date_gmt":"2022-01-15T09:22:25","guid":{"rendered":"https:\/\/schramek-schramek.com\/realizacia\/vnutorne-boxy-vo-farbe-vypln-denya-samomontaz-nemecko\/"},"modified":"2024-02-13T07:49:17","modified_gmt":"2024-02-13T06:49:17","slug":"vnutorne-boxy-vo-farbe-vypln-denya-samomontaz-nemecko","status":"publish","type":"realizacia","link":"https:\/\/schramek-schramek.com\/sk\/realizacia\/vnutorne-boxy-vo-farbe-vypln-denya-samomontaz-nemecko\/","title":{"rendered":"Vn\u00fatorn\u00e9 boxy vo farbe, v\u00fdpl\u0148 denya, samomont\u00e1\u017e, Nemecko"},"content":{"rendered":"","protected":false},"featured_media":16532,"template":"","meta":[],"categories":[1],"acf":[],"_links":{"self":[{"href":"https:\/\/schramek-schramek.com\/sk\/wp-json\/wp\/v2\/realizacia\/9490"}],"collection":[{"href":"https:\/\/schramek-schramek.com\/sk\/wp-json\/wp\/v2\/realizacia"}],"about":[{"href":"https:\/\/schramek-schramek.com\/sk\/wp-json\/wp\/v2\/types\/realizacia"}],"wp:featuredmedia":[{"embeddable":true,"href":"https:\/\/schramek-schramek.com\/sk\/wp-json\/wp\/v2\/media\/16532"}],"wp:attachment":[{"href":"https:\/\/schramek-schramek.com\/sk\/wp-json\/wp\/v2\/media?parent=9490"}],"wp:term":[{"taxonomy":"category","embeddable":true,"href":"https:\/\/schramek-schramek.com\/sk\/wp-json\/wp\/v2\/categories?post=9490"}],"curies":[{"name":"wp","href":"https:\/\/api.w.org\/{rel}","templated":true}]}}

Vnútorné boxy vo farbe, výplň denya, samomontáž, Nemecko
