{"id":9593,"date":"2022-05-27T04:26:19","date_gmt":"2022-05-27T02:26:19","guid":{"rendered":"https:\/\/schramek-schramek.com\/realizacia\/5-vonkajsich-boxov-sedlovna-a-sklad-vypln-hnedy-plast-nemecko\/"},"modified":"2023-12-09T15:33:11","modified_gmt":"2023-12-09T14:33:11","slug":"5-vonkajsich-boxov-sedlovna-a-sklad-vypln-hnedy-plast-nemecko","status":"publish","type":"realizacia","link":"https:\/\/schramek-schramek.com\/sk\/realizacia\/5-vonkajsich-boxov-sedlovna-a-sklad-vypln-hnedy-plast-nemecko\/","title":{"rendered":"5 vonkaj\u0161\u00edch boxov, sedlov\u0148a a sklad, v\u00fdpl\u0148 hned\u00fd plast, Nemecko"},"content":{"rendered":"","protected":false},"featured_media":9594,"template":"","meta":[],"categories":[1],"acf":[],"_links":{"self":[{"href":"https:\/\/schramek-schramek.com\/sk\/wp-json\/wp\/v2\/realizacia\/9593"}],"collection":[{"href":"https:\/\/schramek-schramek.com\/sk\/wp-json\/wp\/v2\/realizacia"}],"about":[{"href":"https:\/\/schramek-schramek.com\/sk\/wp-json\/wp\/v2\/types\/realizacia"}],"wp:featuredmedia":[{"embeddable":true,"href":"https:\/\/schramek-schramek.com\/sk\/wp-json\/wp\/v2\/media\/9594"}],"wp:attachment":[{"href":"https:\/\/schramek-schramek.com\/sk\/wp-json\/wp\/v2\/media?parent=9593"}],"wp:term":[{"taxonomy":"category","embeddable":true,"href":"https:\/\/schramek-schramek.com\/sk\/wp-json\/wp\/v2\/categories?post=9593"}],"curies":[{"name":"wp","href":"https:\/\/api.w.org\/{rel}","templated":true}]}}

5 vonkajších boxov, sedlovňa a sklad, výplň hnedý plast, Nemecko
