{"id":9701,"date":"2022-08-11T10:47:32","date_gmt":"2022-08-11T08:47:32","guid":{"rendered":"https:\/\/schramek-schramek.com\/realizacia\/stajna-s-2-vnutornymi-boxami-sklad-vypln-dub-s-transparentnym-naterom-sprakensehl-nemecko\/"},"modified":"2023-12-09T15:34:10","modified_gmt":"2023-12-09T14:34:10","slug":"stajna-s-2-vnutornymi-boxami-sklad-vypln-dub-s-transparentnym-naterom-sprakensehl-nemecko","status":"publish","type":"realizacia","link":"https:\/\/schramek-schramek.com\/sk\/realizacia\/stajna-s-2-vnutornymi-boxami-sklad-vypln-dub-s-transparentnym-naterom-sprakensehl-nemecko\/","title":{"rendered":"Staj\u0148a s 2 vn\u00fatorn\u00fdmi boxami, sklad, v\u00fdpl\u0148 dub s transparentn\u00fdm n\u00e1terom &#8211; Sprakensehl, Nemecko"},"content":{"rendered":"","protected":false},"featured_media":9702,"template":"","meta":[],"categories":[1],"acf":[],"_links":{"self":[{"href":"https:\/\/schramek-schramek.com\/sk\/wp-json\/wp\/v2\/realizacia\/9701"}],"collection":[{"href":"https:\/\/schramek-schramek.com\/sk\/wp-json\/wp\/v2\/realizacia"}],"about":[{"href":"https:\/\/schramek-schramek.com\/sk\/wp-json\/wp\/v2\/types\/realizacia"}],"wp:featuredmedia":[{"embeddable":true,"href":"https:\/\/schramek-schramek.com\/sk\/wp-json\/wp\/v2\/media\/9702"}],"wp:attachment":[{"href":"https:\/\/schramek-schramek.com\/sk\/wp-json\/wp\/v2\/media?parent=9701"}],"wp:term":[{"taxonomy":"category","embeddable":true,"href":"https:\/\/schramek-schramek.com\/sk\/wp-json\/wp\/v2\/categories?post=9701"}],"curies":[{"name":"wp","href":"https:\/\/api.w.org\/{rel}","templated":true}]}}

Stajňa s 2 vnútornými boxami, sklad, výplň dub s transparentným náterom &#8211; Sprakensehl, Nemecko
