{"id":9786,"date":"2023-05-12T09:45:21","date_gmt":"2023-05-12T07:45:21","guid":{"rendered":"https:\/\/schramek-schramek.com\/realizacia\/vonkajsie-boxy-s-pultovou-strechou-a-predlzenim-strechy-vpredu-a-vzadu-15-m-vypln-denya-frankfurt-nad-mohanom-nemecko\/"},"modified":"2023-12-09T15:34:47","modified_gmt":"2023-12-09T14:34:47","slug":"vonkajsie-boxy-s-pultovou-strechou-a-predlzenim-strechy-vpredu-a-vzadu-15-m-vypln-denya-frankfurt-nad-mohanom-nemecko","status":"publish","type":"realizacia","link":"https:\/\/schramek-schramek.com\/sk\/realizacia\/vonkajsie-boxy-s-pultovou-strechou-a-predlzenim-strechy-vpredu-a-vzadu-15-m-vypln-denya-frankfurt-nad-mohanom-nemecko\/","title":{"rendered":"Vonkaj\u0161ie boxy s pultovou strechou a pred\u013a\u017een\u00edm strechy vpredu a vzadu 1,5 m, v\u00fdpl\u0148 denya , Frankfurt nad Mohanom, Nemecko"},"content":{"rendered":"","protected":false},"featured_media":9787,"template":"","meta":[],"categories":[1],"acf":[],"_links":{"self":[{"href":"https:\/\/schramek-schramek.com\/sk\/wp-json\/wp\/v2\/realizacia\/9786"}],"collection":[{"href":"https:\/\/schramek-schramek.com\/sk\/wp-json\/wp\/v2\/realizacia"}],"about":[{"href":"https:\/\/schramek-schramek.com\/sk\/wp-json\/wp\/v2\/types\/realizacia"}],"wp:featuredmedia":[{"embeddable":true,"href":"https:\/\/schramek-schramek.com\/sk\/wp-json\/wp\/v2\/media\/9787"}],"wp:attachment":[{"href":"https:\/\/schramek-schramek.com\/sk\/wp-json\/wp\/v2\/media?parent=9786"}],"wp:term":[{"taxonomy":"category","embeddable":true,"href":"https:\/\/schramek-schramek.com\/sk\/wp-json\/wp\/v2\/categories?post=9786"}],"curies":[{"name":"wp","href":"https:\/\/api.w.org\/{rel}","templated":true}]}}

Vonkajšie boxy s pultovou strechou a predĺžením strechy vpredu a vzadu 1,5 m, výplň denya , Frankfurt nad Mohanom, Nemecko
