{"id":9788,"date":"2023-05-16T14:17:57","date_gmt":"2023-05-16T12:17:57","guid":{"rendered":"https:\/\/schramek-schramek.com\/realizacia\/vonkajsie-boxy-so-sedlovou-strechou-a-predlzenim-strechy-3-m-vpredu-drevena-vypln-denya-drazdany-nemecko\/"},"modified":"2023-12-09T15:34:51","modified_gmt":"2023-12-09T14:34:51","slug":"vonkajsie-boxy-so-sedlovou-strechou-a-predlzenim-strechy-3-m-vpredu-drevena-vypln-denya-drazdany-nemecko","status":"publish","type":"realizacia","link":"https:\/\/schramek-schramek.com\/sk\/realizacia\/vonkajsie-boxy-so-sedlovou-strechou-a-predlzenim-strechy-3-m-vpredu-drevena-vypln-denya-drazdany-nemecko\/","title":{"rendered":"Vonkaj\u0161ie boxy so sedlovou strechou a pred\u013a\u017een\u00edm strechy 3 m vpredu, dreven\u00e1 v\u00fdpl\u0148 Denya, Dr\u00e1\u017e\u010fany, Nemecko"},"content":{"rendered":"","protected":false},"featured_media":9789,"template":"","meta":[],"categories":[1],"acf":[],"_links":{"self":[{"href":"https:\/\/schramek-schramek.com\/sk\/wp-json\/wp\/v2\/realizacia\/9788"}],"collection":[{"href":"https:\/\/schramek-schramek.com\/sk\/wp-json\/wp\/v2\/realizacia"}],"about":[{"href":"https:\/\/schramek-schramek.com\/sk\/wp-json\/wp\/v2\/types\/realizacia"}],"wp:featuredmedia":[{"embeddable":true,"href":"https:\/\/schramek-schramek.com\/sk\/wp-json\/wp\/v2\/media\/9789"}],"wp:attachment":[{"href":"https:\/\/schramek-schramek.com\/sk\/wp-json\/wp\/v2\/media?parent=9788"}],"wp:term":[{"taxonomy":"category","embeddable":true,"href":"https:\/\/schramek-schramek.com\/sk\/wp-json\/wp\/v2\/categories?post=9788"}],"curies":[{"name":"wp","href":"https:\/\/api.w.org\/{rel}","templated":true}]}}

Vonkajšie boxy so sedlovou strechou a predĺžením strechy 3 m vpredu, drevená výplň Denya, Drážďany, Nemecko
